1 + d)/(196/(-1617)). What is the highest common divisor of i and 66?
33
Suppose -5886 = -13*y + 6672. Calculate the greatest common divisor of y and 56.
14
Let v(f) = f**3 + 5*f**2 + 3*f + 2. Let r be v(-4). Suppose 167 = r*h - 1033. Suppose 109 - 284 = -7*w. Calculate the greatest common divisor of h and w.
25
Let u be (5 - (5 - -1)) + 5. Suppose u*h = -a + 904, 2*h - 7*a - 466 = -11*a. Calculate the greatest common divisor of 25 and h.
25
Let j be (-307)/(-2) + 0 - (-18)/12. Calculate the greatest common divisor of j and 434.
31
Suppose 9870*r + 1092 = 9883*r. Let g = 6 - -6. Calculate the highest common factor of g and r.
12
Let m = -47 + 119. Suppose 0 = -5*j + m - 22. Let t be j - (-3)/(3/4). Calculate the highest common divisor of 112 and t.
14
Let k(x) = -159*x + 185. Let a be k(1). What is the highest common factor of 14 and a?
2
Let u(f) = 16*f**2 + 4*f - 29. Let h be u(4). Suppose -707*n = -713*n + 324. What is the greatest common divisor of n and h?
27
Suppose -4*w - 5*o = -31, o + 10 = 4*w - 3*w. Suppose w*k = -23 - 436. Let x = 54 + k. What is the greatest common factor of 3 and x?
3
Let t(k) = -178*k - 1456. Let o be t(-13). Calculate the highest common divisor of o and 176.
22
Let q be (-414)/(-92)*-2*24. Let l = 225 + q. Suppose c - 4*y + 2*y - 5 = 0, 4*y = -3*c + 35. What is the highest common divisor of l and c?
9
Suppose -2*p + 3*s = -35 - 96, -4*s + 110 = 2*p. Calculate the highest common factor of p and 34343.
61
Let v be ((-4)/(-24) - 21/18)*-4. What is the greatest common factor of 628 and v?
4
Suppose -3*a = -y - 1519, 0 = 26*a - 25*a + 3*y - 503. Suppose -2*u + 94 = 2*n, -4*u - n = n - 186. What is the greatest common factor of u and a?
46
Let y be (67 + -64)/(1/2 - -1). Suppose -16 = u - 0*j + 4*j, -8 = -u + 2*j. Suppose -2 = -y*l - u. What is the highest common factor of l and 10?
1
Suppose -326*s = -318*s - 152. What is the greatest common factor of s and 551?
19
Let g = -74 - -28. Let f = g - -37. Let r = f - -15. What is the greatest common factor of r and 9?
3
Suppose 5*b - 141 - 59 = 0. Let y(w) = -w**2 + 105*w - 1170. Let l be y(91). What is the highest common factor of b and l?
8
Let a(b) = -11*b**3 - b**2 - 5*b + 2. Let t be a(-2). Calculate the highest common factor of 1376 and t.
32
Suppose -5*r = 5*k - 1397 - 328, 4*k = r - 345. What is the highest common divisor of r and 2967?
69
Let i(h) = 23*h**2 + 96*h + 7. Let v be i(7). Calculate the highest common factor of v and 344.
86
Let s(r) = -101*r + 99. Let a be s(-14). Suppose 3*u + 2076 = 4*v, 3*v + 5*u - 73 - a = 0. What is the greatest common divisor of 36 and v?
18
Suppose 3*p + 2*l - 14 = 32, 5*p - 65 = -l. Suppose -292 = -47*m - 57. Let c be (24/4*m)/((-12)/(-48)). Calculate the highest common divisor of p and c.
12
Suppose -a + 23 = -5*u, 25 + 21 = 2*a - 3*u. Suppose 2*z - 3*m - 67 = 0, 2*z - 5*m - a = z. Calculate the highest common factor of 190 and z.
38
Let d be 1*(-3 - -9)*(-3 - -4). Let r(p) = p**3 - 4*p**2 - 2*p + 15. Let m be r(d). Let b = -84 - -99. Calculate the highest common divisor of b and m.
15
Let r be 19 + 1 + 0/(-1). Let a = 19033 - 18963. What is the greatest common factor of r and a?
10
Let d(k) = 14*k**3 - 2*k**2 - 5*k + 10. Let f be d(2). Suppose 319*h - 321*h = -f. Calculate the highest common factor of 39 and h.
13
Let g = -147 - -192. What is the greatest common divisor of 369 and g?
9
Let x(a) = a**2 - 34*a + 60. Let y(s) = -s - 1. Let w(h) = x(h) - 5*y(h). Let g be w(38). Calculate the greatest common factor of 11 and g.
11
Let b = 16 - 14. Suppose -b*x = -13*x. Suppose g + 172 = 4*h, x = -h + 3*g - g + 36. What is the greatest common factor of h and 33?
11
Suppose 3*z = 292 + 1484. Calculate the highest common factor of z and 240.
16
Let r = -9691 + 9707. Suppose 2*m = -m + 384. Calculate the greatest common factor of r and m.
16
Let v(l) = 3*l**2 - 5*l - 3. Let i be v(2). Let w be 5 + -1 - (-12)/(i - -7). Calculate the highest common divisor of w and 498.
6
Let p(r) = r**2 + r. Let i be p(4). Suppose -4*m + 55 = -5*y, 2*y + 12 = -2*y. Let w = i + m. Calculate the highest common divisor of w and 6.
6
Let p = -1218 + 1233. What is the highest common factor of 2955 and p?
15
Suppose 1855*r - 1835*r = 1080. Suppose 2*m + 2*m - 12 = 0. Suppose m*f - 54 = 2*f. Calculate the highest common divisor of f and r.
54
Suppose -3*i + 234 = 9. Let r(x) be the second derivative of -21*x**3/2 - 123*x**2/2 + 355*x. Let m be r(-2). What is the highest common factor of m and i?
3
Let u = -139441 + 139469. Let s be (-3)/2*8/6. Let x(n) = -2*n**3 - 2*n**2 - 3*n. Let q be x(s). What is the greatest common divisor of u and q?
14
Let x(g) = 3*g**2 - 8*g - 7. Let w be x(-5). Suppose 230*q - 42930 = -35*q. What is the greatest common divisor of q and w?
54
Suppose 0 = -a + 5*v + 135, -a - v + 144 = 3*v. Let l be (-3891)/(-15) + 7/(a/(-8)). Calculate the greatest common divisor of l and 111.
37
Let x = -24801 + 24837. What is the highest common divisor of x and 903?
3
Let q be -2 - -9 - (3 + (-2)/1). Suppose 21 = q*o + o. Suppose -2*d + o = -31. What is the greatest common divisor of d and 34?
17
Let n(u) = u**3 + 23*u**2 + 20*u - 16. Let w = -49 + 24. Let s = w - -3. Let o be n(s). What is the highest common divisor of 112 and o?
28
Let c be (0 + -2)/(((-25)/(-5))/(-10)). Suppose -92 = -5*w - c*q, -2*w - 4*q + 34 = -q. Calculate the highest common factor of w and 140.
20
Let x be (-2)/10 - 202/(-10). Let d(b) = b**2 + b + 15. Let g be d(18). Suppose -10*a - 57 + g = 0. What is the highest common divisor of a and x?
10
Let x(l) = 9 + 8 + 22 + 40*l + 4*l - 15. Let p be x(14). What is the highest common factor of p and 20?
20
Let j = -2 + 6. Suppose -4*f = -2*c - 24, -5*f + 4 = j*c - 0. Suppose -33*p + 680 = p. What is the greatest common factor of f and p?
4
Let w = 31 + -81. Let y = -25 - w. Calculate the greatest common factor of 15 and y.
5
Let y(a) = a**2 - 12*a - 28. Let z be y(14). Let m be z - (6 - -74)/(-4). Calculate the greatest common factor of 20 and m.
20
Let y = -198 + 594. Calculate the highest common factor of y and 99.
99
Let u(k) = -2787*k - 10854. Let x be u(-4). What is the greatest common factor of 4074 and x?
42
Suppose -13*w + 31600 = -30371. Calculate the greatest common factor of w and 21.
21
Let t(v) = -v**2 - 37*v - 100. Let w be t(-34). Suppose 18 = -2*j + 4*j + r, -2*j + w*r = -30. What is the greatest common factor of 374 and j?
11
Let v = -31277 + 31953. Calculate the greatest common divisor of 988 and v.
52
Let y(n) = -14 - 2*n + 0*n - 4*n. Let p be y(-4). Suppose 0 = -28*h + 27*h + 2*g + 42, -188 = -4*h + 3*g. Calculate the highest common factor of p and h.
10
Let u be (-5982)/(-22) + 23/253. Calculate the highest common divisor of u and 442.
34
Suppose -2*d + 44 = 9*d. Suppose -d*i = -5*a + 136, -5*i - 135 = -9*a + 4*a. What is the highest common factor of 224 and a?
28
Suppose 0*f - 3*f = -3*j - 18, -2*f + 9 = -3*j. Suppose f*p + 437 = 1157. Calculate the highest common divisor of 48 and p.
16
Suppose -2*y - 4*h = 0, 2*h - 58 = 4*y - 88. Let c be (-14)/21 + 1516/y. Calculate the greatest common factor of c and 28.
28
Let w be 1 - 8/5 - 236*(-1)/10. Calculate the highest common divisor of w and 2944.
23
Let x = 50 + -84. Let f be 3784/10 - x/(-85). Suppose -w = -10*w + f. What is the greatest common divisor of 168 and w?
42
Let a be -6 - (-4*24 + -1). Let l be (a - -7) + 2*10/(-4). Calculate the highest common divisor of l and 124.
31
Let c(r) = -4*r**2 + 44*r + 27. Let x be c(11). Suppose 31*g = x*g + 108. What is the greatest common divisor of 1 and g?
1
Let h be (0 + 6)*(12 - 4541/(-57)). What is the highest common divisor of h and 44?
22
Let d(h) be the first derivative of -110*h**2 - 39*h + 105. Let z be d(-3). Calculate the greatest common factor of 54 and z.
27
Suppose 19 = -u + 3*j + 37, 2*u = -4*j + 106. Calculate the highest common divisor of u and 3783.
39
Let o = -27 - -31. Suppose -i - o = 0, 2*i = -2*g - 2*g - 28. Let w be ((-8)/(-20) + 87/g)*-3. Calculate the greatest common divisor of w and 17.
17
Let u(m) = -9*m**2 + 25*m**2 + 15 - 5*m + m + 13*m**2. Let o be u(5). What is the greatest common divisor of o and 16?
16
Let i be -308*(4 - -2 - 7). Calculate the greatest common divisor of i and 2079